tors of 1452700880?
2, 5, 113, 160697
What are the prime factors of 303176399?
303176399
What are the prime factors of 48779238?
2, 3, 8129873
What are the prime factors of 1134438108?
2, 3, 23, 4110283
What are the prime factors of 354442561?
11, 31, 1039421
What are the prime factors of 1266723?
3, 97, 1451
List the prime factors of 604826422.
2, 71, 293, 14537
What are the prime factors of 333856224?
2, 3, 13, 23, 3877
List the prime factors of 524526653.
7, 17, 41, 107507
What are the prime factors of 3317294378?
2, 8839, 187651
List the prime factors of 18193581.
3, 7, 317, 911
What are the prime factors of 1025581139?
11, 93234649
What are the prime factors of 1451906980?
2, 5, 7691, 9439
List the prime factors of 172778807.
139, 1243013
List the prime factors of 117121082.
2, 13, 29, 155333
What are the prime factors of 112400011?
23, 83, 97, 607
What are the prime factors of 103037218?
2, 51518609
List the prime factors of 1430247751.
109, 13121539
List the prime factors of 305361789.
3, 1297, 78479
List the prime factors of 9860437.
9860437
What are the prime factors of 152365942?
2, 29, 43, 199, 307
What are the prime factors of 1041308323?
11, 7841, 12073
List the prime factors of 38364068.
2, 479, 20023
What are the prime factors of 161478729?
3, 107, 167683
List the prime factors of 131897246.
2, 13, 41, 123731
What are the prime factors of 31294229?
17, 859, 2143
What are the prime factors of 2822920431?
3, 17, 59, 15901
What are the prime factors of 1286571243?
3, 977, 438953
What are the prime factors of 622400194?
2, 13, 23, 1040803
What are the prime factors of 1250856508?
2, 11, 1307, 21751
What are the prime factors of 2570192114?
2, 7, 183585151
List the prime factors of 24432157.
19, 1285903
What are the prime factors of 69789828?
2, 3, 17, 342107
What are the prime factors of 898046952?
2, 3, 11, 97, 35069
List the prime factors of 1377357970.
2, 5, 9887, 13931
List the prime factors of 51561400.
2, 5, 11, 23, 1019
List the prime factors of 7877892116.
2, 467, 4217287
List the prime factors of 5081525847.
3, 6970543
List the prime factors of 54708090.
2, 3, 5, 1823603
What are the prime factors of 4650541858?
2, 2325270929
List the prime factors of 449157279.
3, 89, 1682237
What are the prime factors of 35984622?
2, 3, 5997437
What are the prime factors of 3185452199?
131, 24316429
What are the prime factors of 249549523?
249549523
List the prime factors of 127050035.
5, 7, 1531, 2371
List the prime factors of 338759183.
7, 48394169
List the prime factors of 141972967.
17, 8351351
List the prime factors of 1185503800.
2, 5, 13, 617, 739
List the prime factors of 15323277.
3, 5107759
What are the prime factors of 69571350?
2, 3, 5, 19, 79, 103
List the prime factors of 384410790.
2, 3, 5, 271, 15761
What are the prime factors of 46078104?
2, 3, 97, 19793
List the prime factors of 244696960.
2, 5, 433, 883
List the prime factors of 8885643.
3, 13, 41, 5557
What are the prime factors of 1566474887?
1566474887
List the prime factors of 1739690596.
2, 7, 113, 549839
List the prime factors of 33495461.
19, 1762919
What are the prime factors of 61291147?
59, 1038833
List the prime factors of 670489862.
2, 7, 1087, 44059
What are the prime factors of 434237667?
3, 6379, 22691
What are the prime factors of 2705492617?
2705492617
What are the prime factors of 214002517?
31, 131, 52697
What are the prime factors of 3688195909?
271, 13609579
What are the prime factors of 150136583?
150136583
What are the prime factors of 2427695651?
2427695651
List the prime factors of 1795152289.
7, 103, 401, 887
What are the prime factors of 4113690410?
2, 5, 5711, 72031
List the prime factors of 2140420662.
2, 3, 41, 127, 557
List the prime factors of 584997686.
2, 7, 13, 23, 29, 61, 79
List the prime factors of 1165389285.
3, 5, 77692619
What are the prime factors of 5030008123?
7, 241, 251, 1697
List the prime factors of 211466773.
7, 30209539
List the prime factors of 38172813.
3, 7, 37097
What are the prime factors of 2721269948?
2, 53, 12836179
What are the prime factors of 173785278?
2, 3, 419, 69127
List the prime factors of 1510622922.
2, 3, 239, 991, 1063
What are the prime factors of 331307020?
2, 5, 11, 29, 51929
List the prime factors of 429487637.
1237, 347201
List the prime factors of 161827112.
2, 149, 349, 389
What are the prime factors of 5079871009?
71, 71547479
List the prime factors of 214966914.
2, 3, 35827819
List the prime factors of 25785536.
2, 7, 57557
List the prime factors of 157836666.
2, 3, 13, 2023547
What are the prime factors of 498890509?
13, 29, 67, 19751
List the prime factors of 1447671661.
1447671661
What are the prime factors of 4776081?
3, 1592027
What are the prime factors of 4406152821?
3, 7, 209816801
What are the prime factors of 531803030?
2, 5, 11, 4834573
What are the prime factors of 191849788?
2, 13, 229, 16111
List the prime factors of 315320934.
2, 3, 127, 413807
What are the prime factors of 26986514?
2, 17, 793721
List the prime factors of 6756097.
6756097
What are the prime factors of 1871641087?
73, 823, 31153
List the prime factors of 1313321597.
7, 23, 2503, 3259
What are the prime factors of 100456081?
11, 61, 149711
List the prime factors of 1221149479.
11, 111013589
What are the prime factors of 1194285823?
1039, 1149457
List the prime factors of 787580939.
7013, 112303
What are the prime factors of 714574357?
7, 191, 197, 2713
What are the prime factors of 116016817?
7, 16573831
List the prime factors of 926700570.
2, 3, 5, 113, 91121
List the prime factors of 46972618.
2, 7, 11, 305017
What are the prime factors of 230005693?
230005693
What are the prime factors of 99935489?
47, 1013, 2099
List the prime factors of 13504339.
79, 199, 859
What are the prime factors of 193844323?
29, 59, 277, 409
List the prime factors of 300290416.
2, 587, 31973
What are the prime factors of 157680745?
5, 59, 534511
What are the prime factors of 608359746?
2, 3, 19, 5336489
List the prime factors of 439884210.
2, 3, 5, 14662807
List the prime factors of 11439705.
3, 5, 762647
List the prime factors of 976469992.
2, 31, 283, 13913
What are the prime factors of 11915898?
2, 3, 307, 6469
List the prime factors of 44311311.
3, 11, 37, 12097
List the prime factors of 44685251.
13, 23, 199, 751
List the prime factors of 380371433.
13, 37, 790793
List the prime factors of 2019318227.
29, 43, 1619341
List the prime factors of 1363461498.
2, 3, 7, 1202347
What are the prime factors of 12349611?
3, 457393
What are the prime factors of 918630934?
2, 13, 97, 28019
What are the prime factors of 44076114?
2, 3, 29, 84437
What are the prime factors of 16249551?
3, 5416517
What are the prime factors of 23888802?
2, 3, 7, 71, 8011
What are the prime factors of 45730424?
2, 5716303
What are the prime factors of 215237575?
5, 7, 43, 28603
List the prime factors of 55621684.
2, 71, 139, 1409
List the prime factors of 32573633.
233, 139801
What are the prime factors of 853364914?
2, 426682457
List the prime factors of 1093057331.
593, 601, 3067
What are the prime factors of 1174688061?
3, 43, 47, 313, 619
List the prime factors of 220713003.
3, 7, 500483
What are the prime factors of 296586649?
296586649
List the prime factors of 1633215015.
3, 5, 19, 636731
List the prime factors of 972188071.
972188071
List the prime factors of 64232432.
2, 11, 163, 2239
What are the prime factors of 2278782070?
2, 5, 5309, 42923
What are the prime factors of 139723914?
2, 3, 11, 29, 37, 1973
List the prime factors of 280987930.
2, 5, 28098793
What are the prime factors of 28807312?
2, 37, 48661
What are the prime factors of 147928171?
2903, 50957
List the prime factors of 120016648.
2, 1031, 14551
What are the prime factors of 153219242?
2, 11, 6964511
List the prime factors of 357010489.
11, 17, 1909147
List the prime factors of 89293418.
2, 17, 2626277
What are the prime factors of 2567278848?
2, 3, 139, 24049
List the prime factors of 140505231.
3, 47, 67, 107, 139
List the prime factors of 286805868.
2, 3, 23900489
List the prime factors of 16453496.
2, 2056687
What are the prime factors of 638061768?
2, 3, 23, 313, 1231
What are the prime factors of 399514752?
2, 3, 7, 13, 37, 103
What are the prime factors of 176588067?
3, 227